-134*a + 129*a = -5*g + 200, -a = 2*g - 98. Calculate the remainder when 207 is divided by g.
23
Let w = -13119 - -13244. What is the remainder when 10872 is divided by w?
122
Let v(h) = 0 + 6*h**2 + 15*h - 4 + 4 + 3. What is the remainder when 46 is divided by v(-3)?
10
What is the remainder when 628 is divided by (-638)/77 + 9 - (-352)/7?
16
Suppose 912 = 128*i - 2928. Let t(b) = b**3 + 4*b**2 - 3*b + 4. Let y(x) = -3*x + 2. Let w be y(2). What is the remainder when i is divided by t(w)?
14
Let p = 141 + -135. Suppose -p*k - 384 = -426. What is the remainder when 34 is divided by k?
6
Let b(j) = -4*j - 181. Let k(y) = 10*y + 364. Let g(p) = -9*b(p) - 4*k(p). Calculate the remainder when 113 is divided by g(37).
13
Let i = -22047 + 22082. Let o = 127 + 7. What is the remainder when o is divided by i?
29
Let y = 2661 + -2659. Calculate the remainder when 56 is divided by y.
0
Let f(j) = 183*j + 1333. Suppose -q = -3*s + 16 + 10, 2*s = -3*q + 21. Let c = s + 2. What is the remainder when f(-7) is divided by c?
8
Suppose 15 = -3*a, -3*k - 864 = -2*a - a. Let v = 584 + k. What is the remainder when v is divided by 49?
46
Suppose 4*q + 14*u = 13*u + 13852, 2*q - 5*u = 6926. Calculate the remainder when q is divided by 31.
22
What is the remainder when (-4)/((-28)/(-77))*(-4 - (40 + 2)) is divided by 91?
51
Let c = 2580 + -2353. Calculate the remainder when 1585 is divided by c.
223
Let v = -23185 - -23666. Calculate the remainder when v is divided by 59.
9
Suppose -14 = -3*y - 5. Suppose 2*h = 3*f - h - 6, -y*f = -5*h + 2. Let t(p) = 3*p**2 + p - 19. What is the remainder when t(f) is divided by 26?
17
Suppose 148 - 176 = 4*k. Calculate the remainder when (16/40)/(k/(-3710)) is divided by 9.
5
Suppose -3*i = -1483 + 478. Calculate the remainder when i is divided by 21.
20
Let v = -5115 - -14366. Calculate the remainder when v is divided by 14.
11
Let x = -21363 - -21401. Calculate the remainder when x is divided by 12 + 0 - (-2)/2.
12
Let z(l) = 58*l**2 + 264*l + 261. Let f(o) = o**2 - 6*o - 6. What is the remainder when z(-1) is divided by f(8)?
5
Let g(j) = -147*j + 5365. Calculate the remainder when g(35) is divided by 129.
91
Suppose 8 = -7*a + 71. Suppose -471 + 63 = -8*f. What is the remainder when f is divided by a?
6
Suppose -80 = -73*r - 78*r + 147*r. What is the remainder when 339 is divided by r?
19
Calculate the remainder when 4273 is divided by ((-2)/(-2))/((-9)/(-15)) - 9800/(-420).
23
Let g = 185 + -175. Suppose 7*q + 180 = g*q. Calculate the remainder when q is divided by 4.
0
Let n = -262 + 480. Suppose -3*h - 31*p - 31*p = -58*p - 54, 9*p = 54. Calculate the remainder when n is divided by h.
8
Suppose -295 = -915*p + 910*p + 5*n, -2*p + 121 = -5*n. What is the remainder when 60 is divided by p?
2
Let i(y) = -y + 46. Let d be i(0). Let c = 48 - d. Calculate the remainder when 62 + 3 - (c - 2) is divided by 18.
11
Let w = -8625 - -8653. What is the remainder when 537 is divided by w?
5
Suppose -4*p - 8 + 164 = 0. Suppose 2*y - t + 11 + 2 = 0, 2*t = -5*y - 55. What is the remainder when p is divided by (-315)/y*1/5?
4
Suppose 0 = -3*u - 6, 5*m - 2*u + 46 = 7*m. Suppose -m*d + 22*d = -99. What is the remainder when 76 is divided by d?
10
Let o be 2*4*6927/24. Suppose 5*y + o = 3*p, 3*p - 3*y = -7*y + 2354. Calculate the remainder when p is divided by 26.
24
Let i = 59 - -4. Suppose 12 = f - k, 27*f - 29*f - 5*k + 17 = 0. Calculate the remainder when i is divided by f.
8
Let c(s) = 48*s**2 - s + 1. Suppose 2344*r = -527*r + 51678. Calculate the remainder when c(1) is divided by r.
12
Let r be 4*(-2)/10 + (-10)/50. Calculate the remainder when ((-138)/r)/(30/5 - 4) is divided by 12.
9
Let p(r) = 10*r + 276. Let y be p(0). What is the remainder when 19 is divided by (-46)/y + (-2)/(-12) + 1?
0
Suppose -34*j + 1087 = 509. What is the remainder when 747 is divided by j?
16
What is the remainder when 1436 is divided by 46/759 + 202/(-66) + 75?
68
Let h = 25371 - 17790. Calculate the remainder when h is divided by 185.
181
Let x = -3 + 21. What is the remainder when (0 - 35)*(-8)/(-1)*167/(-334) is divided by x?
14
Suppose 0 = -4*y + k + 107 + 212, -y + 77 = -3*k. Suppose -7*j + 402 = y. What is the remainder when 105 is divided by j?
13
Let i(t) = -2*t + 5. Let w be i(3). Let d be w/(-1) - 9860/20. Calculate the remainder when d/(-2)*(-1 + (-8)/(-6)) is divided by 14.
12
Let o = 742 + -926. What is the remainder when 274 is divided by o/(30/20*8/(-6))?
90
Let f be ((-6)/9)/(14/(-42)). Suppose -o - b + 18 = f*o, -4*b + 12 = 0. Let c(s) = -s + 1. What is the remainder when o is divided by c(-2)?
2
Let q = -12468 - -17356. What is the remainder when q is divided by 10?
8
Suppose -z - 323 = 2*j, -j - 319 = j - 3*z. Let c = 420 + j. Let t = c + -177. What is the remainder when t is divided by 21?
19
Let j(c) = c**2 - 16*c + 403. What is the remainder when j(-45) is divided by 90?
88
Let j be 1/(-2)*(-1 - 11). Suppose -j*z = -z - 225. Let p = -739 - -751. What is the remainder when z is divided by p?
9
Let j(k) = -233*k + 30. Calculate the remainder when 117 is divided by j(0).
27
What is the remainder when 488 + -7 + 14 + -7 - 10 is divided by 102?
70
Suppose -46*z = -43*z - 192. Let s = 72 - z. Suppose -4*q - 352 = -s*q. Calculate the remainder when q is divided by 30.
28
Let w(z) = -43*z + 1. Suppose -4*p = 16, 2*p = 3*l - 2*p - 124. What is the remainder when w(-3) is divided by l?
22
Let s(a) = 73*a + 4791. What is the remainder when 403 is divided by s(-65)?
35
Let o = 15130 + -14667. Calculate the remainder when o is divided by 48.
31
Let f = -177 + 170. Let v(z) = z**3 + 9*z**2 - 7*z - 18. Calculate the remainder when v(f) is divided by 45.
39
Suppose j + 2 = 12*u, -14*u - 111 = -3*j - 17*u. Calculate the remainder when 469 is divided by j.
27
Let v be (2 - (-22)/(-8))*4. Let s = -206 - -297. What is the remainder when s is divided by (2 - 33)/(v/3)?
29
Suppose -43*y - 148 = -2126. What is the remainder when 2115 is divided by y?
45
Suppose -k = 2*b - 105, -63*b = -4*k - 64*b + 385. Suppose -k - 45 = -7*p. Calculate the remainder when 94 is divided by p.
14
Let a(t) = 2*t**2 + 2. Let n be a(1). Suppose -7*d - 5*m - 2323 = -10*d, -n*d - 2*m = -3054. Calculate the remainder when d is divided by 59.
58
Suppose 3*k - 196*o - 717 = -199*o, -5*o + 711 = 3*k. Calculate the remainder when 871 is divided by k.
145
Suppose 34*i - 38*i - 5*h + 2175 = 0, -4*h + 2712 = 5*i. Calculate the remainder when i is divided by 132.
12
Suppose y - 5*y = 3*i - 497, 0 = i - y - 154. Let w = i - 41. Calculate the remainder when w is divided by 8.
6
Let p(v) = -2*v**3 - 60*v**2 + 53*v - 117. What is the remainder when 795 is divided by p(-31)?
147
Let i(q) = 27*q**3 + 49*q**2 - 190*q + 7. What is the remainder when i(4) is divided by 40?
39
Let q = -609 + 619. Suppose 3*s + 3*r = -147, -r + 0*r = 2*s + 101. Let c = 87 + s. What is the remainder when c is divided by q?
5
Calculate the remainder when ((-1762)/(-14) - (-2)/14) + -2 + 1 is divided by 105.
20
Suppose 57172 = 39*v + 19732. What is the remainder when v is divided by 241?
237
Let w(f) = -f**2 - 60*f - 89. Calculate the remainder when w(-40) is divided by 179.
174
Let k(c) = -c**3 - 10*c**2 - 25*c - 53. Let x be k(-9). Let a = x + -62. Calculate the remainder when 196 is divided by a.
22
Let s = 135 - 123. Calculate the remainder when (-1 - 68/s)*-6 is divided by 37.
3
Let j = -13115 - -13547. What is the remainder when j is divided by 109?
105
Suppose 0 = 271*a - 273*a + 40. Suppose -741 = -a*v - 41. Calculate the remainder when 57 is divided by v.
22
Let n(v) = -12*v + 45. Let k = -29 + 26. Let g(d) = -19*d - 1. What is the remainder when n(k) is divided by g(-1)?
9
Let d be (-4)/(-2)*(-9)/(-1). Let c = d - -2. Calculate the remainder when 36 is divided by c.
16
Let m(z) = z**3 + 3*z**2 + 2*z + 130. Calculate the remainder when 434 is divided by m(0).
44
Let h be 3/((-3)/(-7)) - (1 - 1). Let t(c) = c**2 + 2*c + 3. Calculate the remainder when t(h) is divided by 22.
0
Suppose -145 = -4*h + z, -2*z + 180 = 5*h - 3*z. What is the remainder when 3 + (-22)/8 + (-1868)/(-16) is divided by h?
12
Calculate the remainder when 368 is divided by ((-76)/12 - -4)/((-476)/2040).
8
Let t = -64 - -148. Suppose -12*